 10, what is 844795 - -29?
844824
In base 8, what is 365276523 + 3?
365276526
In base 7, what is 461105 + -2662?
455113
In base 6, what is -4414 - 451054?
-455512
In base 11, what is -149604 - 5?
-149609
In base 2, what is -101000100110 + 100001100100110?
11100100000000
In base 4, what is 123201323330 - 101?
123201323223
In base 15, what is -2 - -21c7240?
21c723d
In base 14, what is 2dd9 - -1a14?
4a0d
In base 11, what is 59305a87 + 0?
59305a87
In base 8, what is 2704 + 57413?
62317
In base 10, what is -7 + -19935394?
-19935401
In base 8, what is -316550 - 4702?
-323452
In base 6, what is 2425 - 54235213?
-54232344
In base 14, what is 1cddb - 37c?
1ca5d
In base 6, what is -135121115 + -443?
-135122002
In base 4, what is -1132 + 10213212?
10212020
In base 12, what is -21 - 64b3256?
-64b3277
In base 16, what is 2dc01 + -73?
2db8e
In base 11, what is -3 + 34a01a3?
34a01a0
In base 11, what is 6a629 + -166?
6a473
In base 3, what is 11220221021200 - -22?
11220221021222
In base 11, what is -1 + 26a0883?
26a0882
In base 8, what is -1174654 + -440?
-1175314
In base 14, what is 4134ba50 - -4?
4134ba54
In base 16, what is b5 - -338?
3ed
In base 7, what is 10656432 + -14?
10656415
In base 7, what is 15444115 - 1?
15444114
In base 16, what is -5e4f - -512?
-593d
In base 5, what is 1 - 11402440232?
-11402440231
In base 15, what is 502b - 1b78?
33a3
In base 2, what is 1011001111000101001010010110 + 1?
1011001111000101001010010111
In base 2, what is -110000101100011 - 10101001110001?
-1000101111010100
In base 16, what is -1a1b9b + 7?
-1a1b94
In base 8, what is 1202 - -65462?
66664
In base 6, what is -154230 - 515?
-155145
In base 9, what is -854 - 5022?
-5876
In base 7, what is -13304640 - -3?
-13304634
In base 7, what is 54 + 21521514?
21521601
In base 15, what is -6 + -2d953?
-2d959
In base 14, what is -2 - 2dc248?
-2dc24a
In base 15, what is 9 + 3878ad?
3878b7
In base 12, what is -1249494 - 2?
-1249496
In base 14, what is 2c02793 - 1c?
2c02775
In base 16, what is 27d6cfd - 1?
27d6cfc
In base 16, what is -4 + -23359be?
-23359c2
In base 4, what is 10 - 3011300003?
-3011233333
In base 13, what is 3 + -760501?
-7604cb
In base 11, what is 2353 + 68580?
6a923
In base 15, what is -26 + a2255?
a222e
In base 11, what is -2 - -1885129?
1885127
In base 10, what is 95575 - 5?
95570
In base 2, what is 0 + -1000000100111010110011?
-1000000100111010110011
In base 10, what is -18803447 - -3?
-18803444
In base 13, what is 7b - 72ab5b?
-72aab0
In base 8, what is 4643340 - 2?
4643336
In base 11, what is -586810 + -5?
-586815
In base 4, what is 113211121320201 + 0?
113211121320201
In base 4, what is -132 - 32020223103?
-32020223301
In base 14, what is 4473 + -27a?
41d7
In base 10, what is 563 - 318?
245
In base 16, what is -7d + 68aff?
68a82
In base 7, what is -1133132 - 113?
-1133245
In base 15, what is aea + db01?
e6eb
In base 8, what is -3 + -130642122?
-130642125
In base 7, what is -23202560 - -36?
-23202521
In base 16, what is 13f + -2265f?
-22520
In base 14, what is -b0 - 50b5d?
-50c2d
In base 13, what is -12911416 - -4?
-12911412
In base 4, what is -11 - -1030302102?
1030302031
In base 2, what is 10011000010000000001000001010 - 11?
10011000010000000001000000111
In base 12, what is -263982 + 1?
-263981
In base 12, what is -973317 - 5?
-973320
In base 9, what is -8563104 + 5?
-8563088
In base 4, what is -312 - -220322000212?
220321333300
In base 12, what is -1192 - 1063?
-2235
In base 6, what is 4531 + 5024521?
5033452
In base 7, what is 151005 - 1306?
146366
In base 13, what is -393 + -3a99?
-415c
In base 14, what is -1401 - -313?
-10cc
In base 10, what is 139356 - -27?
139383
In base 13, what is 5 + 1a414b8a?
1a414b92
In base 12, what is 21b04a23 - -6?
21b04a29
In base 3, what is -10 + -1102020000211122?
-1102020000211202
In base 11, what is 31207 + 2026?
33232
In base 12, what is 28190075 + 1?
28190076
In base 15, what is 4e62295 - -4?
4e62299
In base 8, what is -1504172 + 2363?
-1501607
In base 7, what is -12003541 + -25?
-12003566
In base 13, what is 52c68 - -291?
53229
In base 4, what is -1 - 21102213003?
-21102213010
In base 9, what is -5 - 8503?
-8508
In base 10, what is -2477146 + 3?
-2477143
In base 12, what is 1401 + -355a5?
-341a4
In base 15, what is 67 - 271a4?
-2713c
In base 14, what is -6d632 - 2?
-6d634
In base 2, what is 1011000101110 - -101000?
1011001010110
In base 16, what is -3f73c + -24b?
-3f987
In base 4, what is 1303300 + -11122013?
-3212113
In base 3, what is 2210212202022102212 + 1?
2210212202022102220
In base 11, what is -56 + -29928?
-29983
In base 15, what is -d01c - -bea?
-c322
In base 16, what is -1135 + 314b?
2016
In base 11, what is -3 - 3547537?
-354753a
In base 2, what is -1010 - -1111101011010111101?
1111101011010110011
In base 5, what is 222411241 + -133?
222411103
In base 10, what is -3 + -74916232?
-74916235
In base 2, what is -1000111001001100 - 100011011?
-1000111101100111
In base 10, what is -521 - -36582?
36061
In base 12, what is 122774 - 324?
122450
In base 3, what is -10221 - -111120021?
111102100
In base 16, what is -e + 119fb8?
119faa
In base 10, what is -94 - 664448?
-664542
In base 16, what is -c763 - -1c?
-c747
In base 15, what is -ecdce - 9?
-ecdd8
In base 7, what is 114 - -10161532?
10161646
In base 6, what is -13202 + 10254?
-2504
In base 14, what is 96dd45 + -6?
96dd3d
In base 3, what is 211210112212 + 121?
211210120110
In base 11, what is -1928 - -3945?
2018
In base 16, what is -250aa + -4e?
-250f8
In base 7, what is -106324 + -30402?
-140026
In base 4, what is 303112 + 123202?
1032320
In base 9, what is -165 + 23578?
23413
In base 12, what is 125674 - 2?
125672
In base 12, what is 4855 - -52b?
5184
In base 2, what is 10111010010001011011 - 10?
10111010010001011001
In base 10, what is -3 - 275867790?
-275867793
In base 12, what is 3961 + 202b?
5990
In base 14, what is 66 - -954?
9ba
In base 10, what is -153624 + -3149?
-156773
In base 12, what is -52 + -16920?
-16972
In base 14, what is 4 + 773ad6?
773ada
In base 11, what is 283521 + 2?
283523
In base 12, what is -12aa6 + 443a?
-a668
In base 14, what is 1875059c - -4?
187505a2
In base 15, what is 2958 + -463?
24e5
In base 5, what is 10233241 - -3003?
10241244
In base 8, what is 31 + -4142667?
-4142636
In base 12, what is -100 + -61915?
-61a15
In base 5, what is 40142301441 + 4?
40142302000
In base 6, what is -11 + 41105102?
41105051
In base 7, what is 411 - 154214?
-153503
In base 7, what is -2422414 + 15642?
-2403442
In base 10, what is -1 - 55755829?
-55755830
In base 9, what is -111282726 + 3?
-111282723
In base 7, what is 2020014420 + 6?
2020014426
In base 5, what is -32203 + 4?
-32144
In base 15, what is -c41 + 2e227?
2d4d6
In base 8, what is -2 - 22367754?
-22367756
In base 15, what is 144b + 155ba?
16a16
In base 11, what is 31 - 205563?
-205532
In base 4, what is -11223020 - -21213002?
3323322
In base 15, what is -2e4a90 + -11?
-2e4aa1
In base 12, what is 27567ab2 + -4?
27567aaa
In base 11, what is -737 + 188a27?
1882a0
In base 14, what is -1d97c8a - -1?
-1d97c89
In base 2, what is -10001110010 + -1001000101?
-11010110111
In base 5, what is -112244 + 10241412?
10124113
In base 2, what is -101001 + -10111011111001010?
-10111011111110011
In base 5, what is 112 + -232120014?
-232114402
In base 8, what is 43066746 - 0?
43066746
In base 8, what is 5 + 755725207?
755725214
In base 3, what is -20 + 1010110102011002?
1010110102010212
In base 8, what is 1 - 27554250?
-27554247
In base 3, what is 12002122012 - 20?
12002121222
In base 14, what is 4627917 + -1?
4627916
In base 16, what is 5070f14 - 4?
5070f10
In base 6, what is -3 - -10404053542?
10404053535
In base 2, what is -100 + -10110000001011100101110000000?
-10110000001011100101110000100
In base 15, what is -60 - 1c660?
-1c6c0
In base 10, what is -2 - -1141225?
1141223
In base 14, what is 2 - -64c5c33?
64c5c35
In base 15, what is 16 + 26de50?
26de66
In base 4, what is -2122103323 + 3?
-2122103320
In base 11, what is -a87a3 - 178a?
-aa482
In base 14, what is 1594 - 274b9?
-25d25
In base 13, what is 20cc59 - 67?
20cbc2
In base 3, what is 11202120 - -11022211210?
11111121100
In base 13, what is 0 - -1b33b128?
1b33b128
In base 6, what is -4411 - -1014443?
1010032
In base 13, what is -56 + 351131?
3510a8
In base 1